- s. What are the prime factors of z?
2
Let v(b) = -b + 10. Let m be v(7). Suppose 4*p = -5*j - 24, -5*p = -m*j + j - 3. What are the prime factors of p/(-2 + (-46)/(-24))?
2, 3
Suppose -3*h - 10 = 11. Let g = h + 9. List the prime factors of g.
2
Suppose m - 4*q - 58 = -m, -4*q = 2*m - 42. Let h = -14 + m. Suppose -3*o = -38 + h. What are the prime factors of o?
3
Suppose o - 25 = -0*g - g, -g + 25 = 4*o. Let l = g + -7. What are the prime factors of l?
2, 3
Let i = -8 + 12. Suppose -7*f = -5*f, -3*g - i*f + 57 = 0. List the prime factors of g.
19
Let c(u) = -12*u + 98. What are the prime factors of c(-24)?
2, 193
Suppose 34 = -4*h - 38. Suppose -4*q - 21 + 9 = 0. What are the prime factors of 1 + h/(9/q)?
7
Suppose 4*k = 3*o + 31, 2*k - 21 = 5*o + 3*k. What are the prime factors of (-2 - (-6)/10)*o?
7
Let g(v) = -v**3 + 0 + 25*v**2 + 5 - 17*v**2 - 6*v. Let m(o) = 2*o - 5. Let j be m(6). What are the prime factors of g(j)?
2, 3
Let b be 0 + -6 + 2 + 1. Let q be b/(-2) - (-6)/(-4). Suppose 2*f - 28 = -g, 4*f + f - 4*g - 96 = q. What are the prime factors of f?
2
Let d(o) = 2*o + 37. What are the prime factors of d(0)?
37
Suppose 81 = b - 22. Suppose -3*s + d = -b, -2*s = 2*s - 5*d - 130. What are the prime factors of s?
5, 7
Let j = 23 - 68. Let r = 79 + j. What are the prime factors of r?
2, 17
What are the prime factors of ((-264)/42 - -6) + 114/7?
2
Let k(f) = 4*f**2 + 12*f + 30. List the prime factors of k(-7).
2, 71
Let j = -8 + 43. What are the prime factors of j?
5, 7
Let h(u) = u**3 - u**2 + u + 4. Let p be h(0). What are the prime factors of 0/(p/1) - -24?
2, 3
Let p(u) = -u**2 - u - 7. Let y be p(0). Let k(n) = -n - 4. Let c be k(y). Let x = 5 - c. What are the prime factors of x?
2
Suppose -2*g + 137 + 193 = 0. What are the prime factors of g?
3, 5, 11
Let c be 5/10*(-2 - 0). What are the prime factors of 9*(-3)/3*c?
3
Let q(n) be the second derivative of -n**5/20 + n**4/12 + n**3/6 + 13*n**2/2 + n. Let w be (-1 + 1)/(4*7/(-14)). List the prime factors of q(w).
13
Suppose n = 6 - 0. Suppose -u + n*u - 40 = 0. List the prime factors of u.
2
Let k(r) = 3*r**3 - 2*r**2 + 1. Let p be k(1). Suppose -5*a - 3 = p. Let o = a + 7. List the prime factors of o.
2, 3
Let x(l) = l + 2. Let a be -2 + 2 - 7/(-1). List the prime factors of x(a).
3
Let f = 6 + -7. Let h(i) = 14*i**2 - 1. List the prime factors of h(f).
13
Suppose 3*s - 5 - 4 = 0. Suppose 2*v + 10 = s*v. List the prime factors of v.
2, 5
Let p = -9 - -18. List the prime factors of p.
3
Suppose 4*i + 0*i - 4*q = -32, -3*q - 4 = 4*i. Let b(v) be the third derivative of -v**5/60 - v**4/4 - 5*v**3/6 - 2*v**2. List the prime factors of b(i).
3
Suppose -d + 3 = -2*g + 11, -2*g + 3*d = 0. What are the prime factors of 376/24 - (-2)/g?
2
Suppose q - 5 = 0, 4*w + 5*q - 17 = -0*w. What are the prime factors of ((-26)/(-4))/((-1)/w)?
13
Let p(r) be the third derivative of r**4/24 + r**3/6 + 2*r**2. List the prime factors of p(9).
2, 5
Let u be (((-2)/(-2))/1)/(-1). Let o be u - -4*1*1. Suppose -4 = -o*s + 5. List the prime factors of s.
3
Let x be (-82)/2*(0 - -1). Let k = 80 + x. What are the prime factors of k?
3, 13
Let g be 1*-5 + -1 + 2. Let p be ((-12)/(-15))/((-6)/15). Let f = p - g. What are the prime factors of f?
2
Let x be 6/(1 - 4) - -2. Suppose 2*u - 8 = x, -4*h = -0*h - u - 4. Suppose -12 - 4 = -h*t. List the prime factors of t.
2
Suppose -11 = -c - 3*t, -3*c - 7*t = -3*t - 18. Let l(u) = -4*u + 2*u + u - 9*u**3 + 0*u - c*u**2. List the prime factors of l(-1).
2
Let z be ((-28)/(-21))/(4/(-18)). Let u(w) = 6*w - 4. Let j be u(z). Let h = -20 - j. List the prime factors of h.
2, 5
Suppose -3*u + 12 = -0*u. Let l = u - -1. Suppose 4 = -y, -3*y = -h + l*h - 52. What are the prime factors of h?
2
Let f(l) = -5*l + 2. Let s be f(-2). Suppose -2*p + s = -4*p. What are the prime factors of ((-27)/p)/(2/4)?
3
Let x = 23 + 141. What are the prime factors of x?
2, 41
Let i = 0 - -145. List the prime factors of i.
5, 29
Let x(c) = c**3 + 3*c**2 + c + 4. Let a be x(-3). Let y(k) = k + 6*k + 2*k - 2*k. What are the prime factors of y(a)?
7
Suppose 2*m + 2 = s + m, 5*m = -5*s - 20. Let r(o) = -16*o + 1. What are the prime factors of r(s)?
17
Let s(y) = y + 16. Let d be s(0). Suppose d = t - 2. List the prime factors of t.
2, 3
Let r(z) = z**2 + 2*z + 7. What are the prime factors of r(-5)?
2, 11
Let g be 3*(0 + -2 + 5). Let l be (-6)/g + 2/3. Suppose l = -0*u - u + 12. What are the prime factors of u?
2, 3
Suppose 0 = -c + 4*c - 15. Suppose -2*p + c = -p. List the prime factors of p.
5
Let w = -19 - -153. List the prime factors of w.
2, 67
Let b = -180 + 380. List the prime factors of b.
2, 5
List the prime factors of (-1)/(2 + 153/(-75)).
5
Let h(k) = 8*k - 5. Let o(b) = -2*b + 1. Let g(d) = -2*h(d) - 9*o(d). Let c be g(-2). List the prime factors of 1 + c - -7*1.
5
Suppose -c - p = 2*c + 19, p - 6 = 2*c. Let u(w) = w**2 + 4*w + 3. List the prime factors of u(c).
2
Let d = 0 + 2. What are the prime factors of d?
2
Let x be (-489)/(-9) + (-2)/6. Suppose 0 = 5*v - 4*n - 136, 0 = -4*v + 6*v - 2*n - x. What are the prime factors of v?
2, 7
What are the prime factors of 49 + (5 - 8) - 2?
2, 11
Let s(k) = -5 + 0*k + 4*k**2 + k + 3. Let y(w) = -w**3 + 3*w**2 + 4*w - 2. Let t be y(4). List the prime factors of s(t).
2, 3
Let x be (-9)/(-15) - 16/10. List the prime factors of 1 + x + 57 + -18.
3, 13
Suppose 0 = 9*j - 5*j - 12. What are the prime factors of 0/(j/(-3)) + 21?
3, 7
Suppose -t + 5 = 0, 3*f + 55 - 141 = -t. List the prime factors of f.
3
Let n = -98 + 142. What are the prime factors of n?
2, 11
Let m = -313 - -518. List the prime factors of m.
5, 41
Let s(k) = k**3 - 3*k**2 + 1. Let z be s(2). List the prime factors of (-58)/(-6) + (-1)/z.
2, 5
Suppose -9 = 3*m + 54. Let q = 37 + m. List the prime factors of q.
2
Let w(o) = -2*o - 6. Let u be (-2 - 0/(-2)) + -3. Let a be w(u). Suppose 2*d + a = 3*d. List the prime factors of d.
2
Suppose -14 = -5*s - 44. List the prime factors of (-2)/12 - 73/s.
2, 3
Suppose 4*y - 24 = -3*s, 3*y + 0 = 3*s - 3. Let l(c) = c + 1. What are the prime factors of l(y)?
2
Suppose 0 = -3*w - 0*w + 60. Suppose w = -c + 6*c. What are the prime factors of c?
2
Suppose 0 = 6*t - 258 - 48. List the prime factors of t.
3, 17
Suppose 7 = -q - 3*p, 2*p + 2 = -q - 0*p. Suppose -h = 2*t + t - q, 0 = 5*t + 5*h. What are the prime factors of t?
2
Let y = 79 + -55. Suppose -8*r - 18 = 2*a - 4*r, -3*r = -4*a - 36. Let f = a + y. What are the prime factors of f?
3, 5
Let p = 16 + -11. Let h = p - -15. What are the prime factors of h?
2, 5
Let g(n) = n**2 - 6*n + 3. Let y be g(8). Let h = -12 + y. List the prime factors of h.
7
Let p be ((-9)/6)/((-3)/4). Suppose d = -2*u + 44 + 14, -p*u = 3*d - 50. What are the prime factors of u?
31
Let l = 6 + -5. Let z be 2/l - (4 + 2). What are the prime factors of (-6 - z)*11/(-2)?
11
Let s = 60 - 7. Let t(c) = c**2 + c - 4. Let n be t(-3). Suppose -n*k = -s + 13. List the prime factors of k.
2, 5
Suppose -5*x = -25 - 5. Let o(q) = -q**2 + 13*q + 1. What are the prime factors of o(x)?
43
Let t(n) = 18*n**3 - 2*n + 1. Let o be t(1). Let g = -7 - -2. Let m = g + o. What are the prime factors of m?
2, 3
Let a be 0 + 5/(5/2). Let g(f) = -f + 1. Let l(i) = 7*i - 4. Let b(j) = g(j) + l(j). List the prime factors of b(a).
3
Suppose 2*s = 6 - 0. Let w be (0 + 1/s)*6. Suppose 7*f - w*f = 30. List the prime factors of f.
2, 3
Let m(d) = 3 + 3*d + 0*d**2 + 2*d + d**2. What are the prime factors of m(-6)?
3
Suppose m + 3 = -2*g + 5, 2*m - 5*g - 49 = 0. List the prime factors of m.
2, 3
Let x = -12 - -5. List the prime factors of x/(-2)*(-28)/(-49).
2
Let f be 1/((-3)/6)*-1. Let j = 6 - 1. Suppose -f*c = j*q - 29, -q + 3 = 3*c - 8. What are the prime factors of c?
2
Let i(k) = -2*k. Let z be i(-1). Suppose -2*b - z*b + 76 = 0. List the prime factors of b.
19
Let r = -162 + 468. List the prime factors of r.
2, 3, 17
Suppose -5*n + 57 - 12 = 0. Suppose 0 = -5*h - n - 41. What are the prime factors of (-6)/15 - 94/h?
3
Suppose y - 38 = -4*t, 4*t - 87 = -4*y + t. List the prime factors of y.
2, 3
Let i(b) = b - 7. Let q be i(9). Suppose -q*p = 5*y + 3*p - 220, -5*y - 2*p + 205 = 0. What are the prime factors of y?
3, 13
Let i = -1 + -2. Let n be ((-28)/(